er when u is divided by 17?
3
Suppose -5*t - 2*k = -532, -4*k + 110 = -242*t + 243*t. Let m = -40 + 62. What is the remainder when t is divided by m?
18
Let g = -775 - -805. Calculate the remainder when 75 is divided by g.
15
Suppose -w + 185*s + 149 = 183*s, -4*w + 4*s = -624. Calculate the remainder when w is divided by 42.
37
Suppose -5*c = 3*l - 83, 4*l + 0*c - 3*c - 101 = 0. Suppose -l*q + 31*q = 130. What is the remainder when ((-3)/(-2))/((-5)/(-430)) is divided by q?
25
Let b(o) = 30 - 12 + 4*o**2 + 0 + 8 + 29*o - 7*o. What is the remainder when 173 is divided by b(-5)?
13
Suppose 2*a - 8*x = -12*x + 336, x = -4. Suppose 620 = 4*m + a. Calculate the remainder when m is divided by ((-28)/6)/((-3)/9).
13
Let o(b) = 5*b**2 - 4. Let k be o(10). Let w = k - -242. Suppose 4*c = -5*c + w. Calculate the remainder when c is divided by 12.
10
Let d(w) = -22*w + 184. Let k be d(7). Calculate the remainder when (2/6 - (-5)/k)*100 is divided by 35.
15
Let s(b) = -b**3 + b**2 - 10*b + 64. Calculate the remainder when 156 is divided by s(0).
28
Let x(f) = 30*f**3 + 3*f**2 - 2*f - 2. Let k = 659 + -599. Calculate the remainder when k is divided by x(1).
2
Suppose -2160 = 31*w - 6004. What is the remainder when w is divided by 33?
25
Suppose 41*h - 112882 = -69*h - 44*h. What is the remainder when h is divided by 194?
151
Let g(r) = r**3 - 23*r**2 - 19*r + 549. What is the remainder when g(25) is divided by 53?
52
Let w(l) = 2*l**2 + 14*l - 5. Let o = 46 + -58. Let n be w(o). Suppose 2*d = k + n, 2*d - 40 = -k + 69. Calculate the remainder when d is divided by 23.
10
Let l = 256 - 201. Suppose 5*v + 2*n = l, -7*v + 3*v - 2*n = -46. Calculate the remainder when 33 is divided by v.
6
Suppose -2263 + 2198 = -5*s - u, 2*u - 58 = -4*s. Suppose -4*j + 31 = g - 122, 5*g = -j + 24. What is the remainder when j is divided by s?
3
Suppose -v + 36 = -2*t, 0 = -v + 4*v - 3*t - 120. Let c = 41 - v. What is the remainder when 14 is divided by (-4)/c*33/44 + 6?
0
Let f = -16807 - -17984. Calculate the remainder when f is divided by 13.
7
Let k(l) = -l**2 - 8*l - 8. Let d be k(-34). Let c = 912 + d. Suppose 5*m + 3*z = 46, 0 = -4*m + 5*z + 11 + 48. Calculate the remainder when c is divided by m.
9
Suppose 14*f = 25*f + 20*f - 2883. Calculate the remainder when 326 is divided by f.
47
Suppose 360 = 12*b - 3*b. Let j = 49 - b. Calculate the remainder when 96 is divided by j.
6
Let o(l) = -101*l + 1553. What is the remainder when o(15) is divided by 17?
4
Let m(z) = z**3 - 16*z**2 - 135*z + 82. Calculate the remainder when 5003 is divided by m(22).
11
Let m = -60 + 94. Let u = -290 - -295. Suppose 0*t - 3*t + 496 = -u*s, -4*t + 5*s = -663. What is the remainder when t is divided by m?
31
Let a be ((-27)/(-81))/(3/1458). Let f = a + 628. What is the remainder when f is divided by 61?
58
Suppose -5*t - c + 13 = -3*t, -4*t + 5*c + 5 = 0. Suppose 10*f - 1565 = t*f - 4*o, 1550 = 5*f + o. Calculate the remainder when f is divided by 39.
36
Suppose -a + 8 = 7*a. Let s(q) = q. Let p(z) = -7*z - 24. Let b(m) = a*p(m) - 4*s(m). Calculate the remainder when 119 is divided by b(-4).
19
Let l = -5483 - -5713. Calculate the remainder when l is divided by 29.
27
Let o(q) = -15*q - 5. Let l be o(-1). What is the remainder when (3 - (-34)/4)/(1/l) is divided by 9?
7
What is the remainder when 6510 is divided by (-2)/6*1736/(-16) + (-15)/(-18)?
35
Let q = -3351 - -3483. Calculate the remainder when 657 is divided by q.
129
Suppose -55*o - 2499 = -104*o. Calculate the remainder when o is divided by 270/8 - (-1)/4.
17
Let d be 7/2 - 5/10. Suppose 0 = -3*t - 2*j + 92, 4*t - 2*j = -3*j + 116. Suppose -d*b = t - 103. What is the remainder when 99 is divided by b?
24
Let c be (-128 + -8)*3/(-2). Let s = c - 62. Calculate the remainder when s is divided by 18.
16
Let z = 50 + -37. Suppose -z = -7*d - 419. Let t = -24 - d. Calculate the remainder when t is divided by 7.
6
Suppose 0 = 5*s + v - 669, -7*s + 2*s - 5*v + 685 = 0. What is the remainder when s is divided by (142/12)/(((-10)/(-12))/5)?
62
Suppose -29*j = 31555 - 122093. Suppose 10*n - 358 = j. What is the remainder when n is divided by 13?
10
Suppose 6 = 3*g, 0 = -f - 3*g + 135 - 123. Calculate the remainder when ((-780)/(-8))/((-9)/(-12)) is divided by f.
4
Suppose 1376 = 23*l - 19*l. Let y = l + -320. What is the remainder when 163 is divided by y?
19
Suppose 0*l - 9*l + 7*l = 0. Suppose 0 = -3*w + 117 + 153. Suppose l = -5*v + w + 70. Calculate the remainder when v is divided by 18.
14
Let l(d) = -d**2 - 19*d + 59. Let r be l(-22). Let q = 55 - r. What is the remainder when q is divided by ((-1)/(-3))/((-1)/(-33))?
7
Let x = -224 - -203. Calculate the remainder when (x/12 + 5)/(1/16) is divided by 6.
4
Let x = -2051 + 2108. Suppose 5*n - 18 - 12 = 0. Let w(p) = p**3 - 7*p**2 + 10*p - 9. Calculate the remainder when x is divided by w(n).
12
Let z(h) = -2 + 6 + 2*h**3 - 15*h**2 - 3*h**3 - 7*h. Let j be z(-15). Let u = j + -70. Calculate the remainder when u is divided by 20.
19
Suppose -52 = -4*r + w, 3*r - 76 = 5*w - 20. Let s be ((-78)/r - -5)/(2/8). What is the remainder when 2/s*4*-6 is divided by 2?
0
Calculate the remainder when (66/(-198))/(1/714)*(-35)/2 is divided by 149.
142
Let j = 0 - -135. What is the remainder when j is divided by (-42)/(-294) + (-2)/((-14)/139)?
15
Let y = -3 - -6. Let v(d) = 6*d**3 + d**y + 9*d + 1 - 10*d**2 - 8*d**3 - 11. What is the remainder when v(-11) is divided by 7?
5
Let w(p) = -3*p - p**2 + 5*p - 121 + 255 - 127. Suppose 4*u = -u. Calculate the remainder when 9 is divided by w(u).
2
What is the remainder when 505 is divided by (((-3)/(-9))/((-4)/(-6)))/(116/20416)?
65
Let n = 540 + -422. Calculate the remainder when n - (3 - -2 - 1) is divided by 20.
14
Let q = -1 + 37. Calculate the remainder when 503 + 2*((-36)/16 + 63/36) is divided by q.
34
Let o = -111 - -117. Let q = 45 - o. Calculate the remainder when (-14505)/(-75) - (-4)/(-10) is divided by q.
37
Suppose 13*r - 5*r = 136. Calculate the remainder when 16861 is divided by r.
14
Let h(t) = -4*t. Let j(z) = -z**2 + 5*z - 2. Let x be j(5). What is the remainder when (-434)/(-35) - 2/5 is divided by h(x)?
4
Suppose 0 = -4*p - 5*a + 973, 5*p - 658 - 574 = -4*a. Calculate the remainder when 1815 is divided by p.
51
Let f(o) = -101*o - 94. Calculate the remainder when 91 is divided by f(-1).
0
Let p be 355*(14/(-56))/((-2)/(-8)). Let w = p + 364. Calculate the remainder when 75 is divided by w.
3
Let l(n) = 90*n**2 - 134*n + 9. What is the remainder when l(6) is divided by 136?
133
Suppose 3*l = -y + 167 - 26, -4*y + 564 = 4*l. Calculate the remainder when 424 is divided by y.
1
Suppose -3*q + 4*o + 11257 = 0, 15*q - 3*o = 13*q + 7503. Calculate the remainder when q is divided by 122.
99
Let l = -164 - -173. Suppose -147 = -l*q - 30. Calculate the remainder when 62 is divided by q.
10
Let x be ((-7)/14)/((-2)/12). Suppose -x*d + 90 = 30. What is the remainder when 54 is divided by d?
14
Let n(f) = -f**3 - 2*f**2 + 7*f - 24. Let j = 352 - 358. Calculate the remainder when n(j) is divided by 8.
6
Let y(b) = b**3 - 17*b**2 + 55*b - 269. Calculate the remainder when y(15) is divided by 106.
0
Let p(c) be the third derivative of 27*c**5/10 - 11*c**4/24 + 13*c**3/6 + 17*c**2 + 1. Calculate the remainder when p(1) is divided by 43.
35
Suppose 75*p = 71*p + 13*y + 161, -5*p + 2*y + 244 = 0. What is the remainder when 2749 is divided by p?
49
Let w be 4/(-16)*50*-2. Suppose 7393 = w*k - 7932. What is the remainder when k is divided by 22?
19
Let r be 1*-3 - 96/(-12). Let z(x) = 11*x - 5. Calculate the remainder when z(r) is divided by (8/14)/((-4)/(-98)).
8
Let v be (-12 + 6)/(6/(-2)). Suppose z - v*z = -31. What is the remainder when z is divided by 16?
15
Suppose 0 = 73*q - 2586 - 6904. What is the remainder when q is divided by 90?
40
Let f(w) = 2*w**2 - 12*w + 2. Let z(n) = -7*n + 80. Let u be z(12). Calculate the remainder when f(u) is divided by 31.
20
Let j(h) = 25*h**3 + 2*h**2 - h. What is the remainder when (46/4)/(6 - 1081/188) is divided by j(1)?
20
Let v be ((-42)/28)/((-1)/(-4)*-1). Let j(h) = 8*h + 1. What is the remainder when 1*26 - (v - 54/9) is divided by j(1)?
8
Let j = -599 - -160. Let p = j - -451. What is the remainder when 